 a*y - 1145. What is the hundreds digit of y?
2
Suppose -26*l + 22*l - w = -88075, -4*w + 110102 = 5*l. What is the thousands digit of l?
2
Suppose 5*b = -2*a + 32282, -3*b - 8*a + 4*a + 19372 = 0. Suppose b = -11*v + 23*v. What is the hundreds digit of v?
5
Suppose 14*n - 9*n + 30 = 0, t - 4*n = 7574. What is the units digit of t?
0
Let l(u) = -u**2 + 10*u - 12. Let o be l(11). What is the units digit of (o/2)/(21/(-1806))?
9
Suppose -113*r + 979712 = -49*r. What is the thousands digit of r?
5
Let r = 56271 - 17037. What is the units digit of r?
4
Let t = 1726 - -3004. What is the thousands digit of t?
4
What is the tens digit of (782/3 - (-11 + 19))*3?
5
Let f(g) = -13*g**3 - g**2 + 4*g - 1091. Let t(b) = 3*b**3 - b + 273. Let i(s) = -2*f(s) - 9*t(s). Let k be i(0). Let r = 421 + k. What is the units digit of r?
6
Suppose 0 = 1543*n - 1552*n + 77445. What is the hundreds digit of n?
6
Suppose -3*z = -8*z + 2*d + 3363, -3364 = -5*z + d. Suppose 16 + z = 2*l - 5*p, -2*p + 1650 = 5*l. What is the tens digit of l?
3
Let p(f) = 2*f**2 + 36*f - 337. What is the thousands digit of p(33)?
3
Let a = 97019 + -53499. Suppose 0 = 4*x + 12*x - a. What is the tens digit of 2/7 - (-1 + x/(-35))?
7
Suppose -g + 2*g + 14 = 0. Let w = -14 - g. Suppose w = -2*q + d + 53, -5*q + 4*d = -0*q - 140. What is the tens digit of q?
2
Let n = 622 - 257. Suppose 4*l - 104 = -4*r + 264, -l + n = 4*r. What is the units digit of r?
1
Let o(z) = 3*z + 48. Let g(q) = 7 - 6*q - 14 - 19 + 13*q. Let c be g(6). What is the tens digit of o(c)?
9
Let s be 4/(((-6)/9)/(6/(-9))). Suppose 4 = s*d - 5*d - 2*o, -o = d + 4. What is the tens digit of -2 + 105 + 6 + d?
0
Let a = 32 - -1. Suppose 30*l + 1329 = a*l. What is the units digit of l?
3
Let b = -229 + 228. What is the units digit of (-26)/104 + (3186/8 - b)?
9
Let o be (53 - 36)*4/34. Suppose 0*l - 3*j - 204 = -o*l, -5*l - j + 527 = 0. What is the hundreds digit of l?
1
Let x(w) = -2*w - 30. Let u be x(11). Let i = u - -76. Let a(f) = -f**3 + 23*f**2 + 32*f + 10. What is the tens digit of a(i)?
0
Suppose 0 = -3*r - 3*u + 91020, 0 = 602*r - 597*r + 4*u - 151706. What is the hundreds digit of r?
3
Suppose -14*o - 25 = -17*o + i, -3*i = 5*o - 65. What is the hundreds digit of (-159 + 2)/(o/(-20))?
3
What is the thousands digit of (-605 + 17/((-85)/(-20)))*-7?
4
Let r(q) = q**3 - 8*q**2 + 7*q + 2. Let b be r(7). Let v = b - -3. Suppose 0*j = v*j - 4*l - 224, 4*j - 184 = 2*l. What is the units digit of j?
8
Let y = -69 - -68. Let k(b) = -391*b - 7. What is the tens digit of k(y)?
8
Let l(v) = 111*v**2 + 9*v + 27. Let r(c) = -c**2 + 11*c - 20. Let x be r(9). What is the units digit of l(x)?
3
Let n be (-276)/18*(-5 - (-4)/2). Let k = n - 56. Let u = k - -29. What is the tens digit of u?
1
Let k(m) = -m**3 - 8*m**2 - 15*m - 26. Let u be k(-12). Let a = -137 + u. What is the units digit of a?
3
Suppose -30*v - 99*v + 135450 = 0. What is the tens digit of v?
5
Let t = -1189 - -5348. What is the hundreds digit of t?
1
Suppose -7*f = 2*f - 27. What is the hundreds digit of ((f/2)/(-3))/(82/(-39032))?
2
Suppose 12*c - 38*c = 17*c - 23951. What is the units digit of c?
7
Suppose 2*h - w + 119 = 0, 3*h + 64 = -4*w - 131. Let o = h + 164. What is the hundreds digit of o?
1
Let v(m) = m. Let l(g) = -2*g**2 - 6*g - 3. Let y(a) = -l(a) - 3*v(a). Suppose 48 = 3*c + 42. What is the units digit of y(c)?
7
Let k = -313 + 318. What is the tens digit of (-57 + 182)*51/k?
7
What is the tens digit of (-12)/24*12 - -7692?
8
Suppose 0 = -7*g + 2*g. Suppose g = 12*k - 28*k + 13536. Suppose 0 = -5*p - 271 + k. What is the tens digit of p?
1
Let r(f) = 691*f - 124. Let k be r(-26). What is the units digit of 2/6 + k/(-162)?
2
Let g(y) = -98*y**3 - 2*y**2 + y + 1. Let s be g(1). Let i = 99 + s. Let b(p) = 197*p**3 - p + 1. What is the units digit of b(i)?
7
Let l(y) = y**3 + 7*y + 9. Let j be l(-5). Let z = j + 290. What is the hundreds digit of z?
1
Suppose 2*u + 6*u = 112. Let f = 32 + u. Suppose -2*b + b = -f. What is the tens digit of b?
4
Suppose -2*x - 9*x = -83600. Suppose -1513 = -p - n, 0 = -5*p - 5*n + 7*n + x. What is the hundreds digit of p?
5
Suppose 14*q + 22993 = x + 19*q, -68966 = -3*x - 2*q. What is the units digit of x?
8
Let t(f) be the first derivative of f**2 - 18*f + 5. Let d be t(9). Suppose d = -2*n + 2*w, 0 = 2*n + w - 0*w - 6. What is the units digit of n?
2
What is the hundreds digit of (-9 + 33148/6)*(6 - 3)?
5
Let h = 21 + 5. Suppose 111 = 4*b - 5*r, 2*r + 4 + h = b. Suppose 5*w - 306 = -4*y, -3*y = -w + 89 - b. What is the tens digit of w?
6
Let o = 33 + -28. Let s be (o - 3)/(3/6). Let w(u) = 3*u**2 + 3*u - 8. What is the units digit of w(s)?
2
Suppose 4938 - 18460 - 1218 = -n. What is the units digit of n?
0
Let o = 167 + -78. Suppose -q + t + o = 0, -q - t + 33 = -60. What is the tens digit of q?
9
Suppose -1930*y = -1939*y + 41157. What is the units digit of y?
3
Suppose -3*b + 2*l + 2716 = 0, -2*b = -2*l + 4*l - 1824. Let k = b - 351. What is the hundreds digit of k?
5
Let u be 2/((-9)/(105543/(-18))). Suppose g = -2*b - 310 + u, 5*g = 3*b - 1457. What is the hundreds digit of b?
4
Let z be 0 - -1 - 2/4*-2. Suppose -z*w = 95 - 27. Let o = w + 152. What is the units digit of o?
8
Let q(g) = 3*g**2 + 36*g - 40. Let j be (1 - 3)*638/44. Let n = -46 - j. What is the tens digit of q(n)?
1
Let f = 281 - -123. Suppose 10*b - 5664 = -f. What is the tens digit of b?
2
Let y be 2/(-4) + 23690/20. Suppose -s + 2 = 0, 19*s = 2*w + 14*s - y. What is the tens digit of w?
9
Let x(r) = -2979*r + 2663. What is the tens digit of x(-10)?
5
Let l = 263 + -250. Let s(b) = -b**3 + 3 - 2 + 13*b**2 + 0*b**3. What is the units digit of s(l)?
1
Suppose n + 5*q - 5 = 4*q, -4*n + 4*q + 12 = 0. Let x be 1 + -2 + (4 - (n + -3)). Suppose 0 = -t + 3, -b + 93 = x*b + 4*t. What is the units digit of b?
7
Let y(g) = g**3 + 4*g**2 - 3*g - 12. Let w be y(-2). Suppose -w*u + 876 = 3*n, -5*u + 9*u - 1744 = -4*n. What is the hundreds digit of u?
4
Let x be 33424/40 - 2/(-5). Suppose -7*o + 9*o = x. What is the units digit of (-4)/16 + o/8?
2
Let l(m) = m**3 + 14*m**2 - 26*m. Let g be l(-16). Let v = g - -532. What is the units digit of v?
6
Let k be 2*1/14 + (-96740)/(-245). Let p = 11 - 6. Suppose -m = p*x - k - 44, -3*x = 5*m - 281. What is the tens digit of x?
8
Let c be 7*6*(-3)/(-7). Let n be (-420)/c*(-3)/(-4)*-2. What is the units digit of (42/n)/2 + 462/5?
3
Suppose 52 = 3*f + 22. Let t(s) = 13*s - 23. What is the units digit of t(f)?
7
Let x(v) = -306*v**3 - v**2 + 1. Suppose 4*d - g - 3 + 11 = 0, -4*g = -16. What is the units digit of x(d)?
6
What is the tens digit of (-3)/((0 - -1)*(-192)/838208)?
9
Suppose -65*q = -196812 - 13983. What is the thousands digit of q?
3
Suppose -6*x + 33 = 5*x. Let s be -1 - 20/(-15) - 4/x. What is the hundreds digit of (3/s)/(2/(-78))?
1
Let n = -46 - -59. Suppose -4*k + 3 = -n. Suppose 9 = 3*i, -k*o + 20 = 3*i - 21. What is the units digit of o?
8
Let b = -38 - -31. Let i(s) = -s - 1. Let z(v) = -3*v**2 - 10*v - 16. Let w(y) = -i(y) - z(y). What is the units digit of w(b)?
7
Let g(j) be the second derivative of 37*j**4/12 - j**3/2 - 11*j**2/2 - 60*j. What is the tens digit of g(4)?
6
Let g(a) = 7*a - 38. Let s be g(5). What is the tens digit of (2 - 30/24)/(s/(-984))?
4
Suppose 5*w = -5*j - 515, 0 = 3*j - 8*w + 3*w + 277. Let k be (0 - (-24 + -6))*(-8)/(-1). Let a = k + j. What is the tens digit of a?
4
Let t(x) = -4*x**2 + 96*x - 124. Let n(y) = -2*y**2 + 48*y - 62. Let h(i) = 5*n(i) - 2*t(i). What is the units digit of h(20)?
8
Suppose 13 = 5*m + 5*o - 7*o, 0 = -o + 1. Suppose 0 = -3*r + 2*r + m. Suppose 242 = r*b + 4*x, 0*b = -3*b + 3*x + 249. What is the units digit of b?
2
Let y(j) = 9*j**2 - 4*j + 10. Let o be -18 + 12 + 6/2. What is the tens digit of y(o)?
0
Let o(a) = a**3 - 7*a**2 - 18*a - 16. Let m(c) = c**2 - c. Let l(x) = 4*m(x) - o(x). Let b be l(12). Suppose -86 = -j + b. What is the units digit of j?
6
Suppose -2*r = 5*a - 189640, -5*a = -23*r + 20*r - 189640. What is the units digit of a?
8
What is the units digit of 40/(12/(-2367)*3*(-36)/216)?
0
Suppose -4*a = -5*o + 10761, 7*a = 4*o + 8*a - 8592. What is the units digit of o?
9
Let n(s) = -s**3 + 6*s**2 - 5*s + 2. Let r be n(5). Suppose -53 = -8*j -